Is c a composite number?
False
Let p = 27 + -24. Let g(f) = 6*f**3 - 4*f**2 + f - 2. Is g(p) composite?
False
Let c(h) = 21*h**2 + 3 + 3*h**3 + 24*h**2 - 48*h**2. Let j(t) = -3*t - 3. Let q be j(-2). Is c(q) a composite number?
True
Is 4 + 2 + -3 + 14518 composite?
True
Let w = -15978 - -26809. Is w composite?
False
Let z(o) = o + 17. Let c be z(-18). Let w be -4 - (-10)/2 - c. Suppose -u = -6*u + 10, -168 = -4*n + w*u. Is n prime?
True
Suppose -3*f - 12 = 0, 4*f + 20 = 3*w - f. Suppose w = -q - 0*q + 2. Suppose q*k - 4*p - 752 = 0, 3*k - 5*k + 3*p = -755. Is k a composite number?
True
Let y = 5158 - 3465. Is y prime?
True
Let x be 1/(-8)*-4*0. Suppose 2*j - 634 = -x*j. Is j composite?
False
Let y(o) = 22*o**2 + 0*o + o - 15*o**2. Let l be y(-1). Is (385 - l)/(1 + 0) a prime number?
True
Let y(o) = -4*o - 20. Let k be y(-6). Is (-5 - -1)/k*-97 a composite number?
False
Let q(i) = 8*i + 72. Let d be q(-9). Suppose 4*z + d*z - 3772 = 0. Is z a prime number?
False
Suppose -x = -5*x. Suppose x = 4*t - 8. Suppose k - 1227 = -t*k. Is k a prime number?
True
Is (-70)/7 + -1 + 39510 a prime number?
True
Let i(m) = m**3 + 29*m**2 - 39*m - 8. Let c = 38 + -67. Is i(c) prime?
True
Let m(o) = -74*o**2 + 4*o - 1. Let u be m(-2). Let x = 101 + -275. Let g = x - u. Is g prime?
True
Let b = 13 - 8. Suppose 0 = -b*l + u + 1828, 4*u - 1083 = -4*l + l. Is l a composite number?
True
Let a(v) = -v + 6. Let z be a(-16). Suppose b = 5*u - z - 18, u = -1. Let q = b - -91. Is q a prime number?
False
Suppose 910413 = -10*p + 37*p. Is p a prime number?
False
Let y(w) = w**2 - 2*w + 3. Let c be y(2). Suppose -c*d + 446 = -13. Suppose h + 4*l - d = 0, 2*h - h + 2*l - 149 = 0. Is h prime?
False
Let y = 1503 + -510. Is y a prime number?
False
Let r = -8 + -25. Let o be 33357/r + 4/(-22). Is o/((-3)/(-1))*-1 composite?
False
Is (937 - (2 - 0)) + (7 - 5) composite?
False
Let v(a) = 2553*a + 369. Is v(14) a prime number?
False
Suppose 0 = -3*g + 2*d - 28, -2*g - 25 = 3*g + d. Is -1*(-428)/g*-3 a composite number?
True
Suppose g = -2*g - 15. Let c(j) be the second derivative of -45*j**3/2 + 4*j**2 + 65*j. Is c(g) prime?
True
Suppose 192*h - 126940 = 172*h. Is h prime?
False
Let r(u) = 356*u**2 + 31*u + 195. Is r(-18) a prime number?
False
Is -1*(-1824 - 4) + -1 + -4 a composite number?
False
Suppose 449*g = 442*g + 35553. Is g a prime number?
False
Suppose -3*r - 2 = i + 13, i - 5*r - 25 = 0. Suppose 2*h = 3*m - 18, 3*m - 5*h + i - 9 = 0. Suppose 3*f + 178 = -4*g + 554, 2*f = -m. Is g prime?
True
Suppose 0 = 4*w + 374 + 150. Let z(j) = -35*j + 15. Let a be z(-6). Let k = w + a. Is k prime?
False
Let l be 1444/18 + 2/(-9). Is (1 - l)/(1/(-3)) a composite number?
True
Let v be 15/(-9) - 1/3. Let k(r) = 9*r**2 + 3*r + 5. Let a be k(4). Is a - (v - (-3 - -1)) a prime number?
False
Suppose 13*c - 175470 = -17*c. Is c prime?
True
Let g(o) = 2*o + 3*o**2 - 5 + 2 - 4*o**2 + 2*o**2. Let w be g(-3). Suppose 2*z + z - 573 = w. Is z prime?
True
Suppose -2*h + 6 = 0, -4*n = 4*h + 20 - 1212. Let x = -164 + n. Is x a composite number?
False
Let l = -20153 + 35056. Is l a composite number?
True
Let m = 35 + -12. Let g = -15 + m. Suppose -388 = -4*i - y, 4*i - 388 = 4*y - g*y. Is i composite?
False
Let i(j) = j**3 - 19*j**2 + 2*j - 28. Let d be i(19). Suppose 5*g = 4*g + d. Is g a composite number?
True
Let p be (-1)/(-3 + (-356)/(-120)). Suppose -p*d - 1193 = -31*d. Is d a composite number?
False
Let s = -7782 - -11336. Is s prime?
False
Let k = 27 - 24. Suppose x - 48 = -k*h + 31, -x - 5*h = -85. Let t = 149 - x. Is t composite?
False
Suppose -x + 1 = -4*s - 9, 4*x - 5*s + 15 = 0. Let t = 359 + -355. Is t/x - 7062/(-30) a prime number?
False
Let a(m) = m**3 - 6*m**2 + 3. Let x be a(6). Suppose -g = x*g + 76. Let r = g + 66. Is r a prime number?
True
Let g = -13948 + 31131. Is g composite?
False
Let w(x) be the first derivative of 47*x**2/2 + 12*x + 6. Is w(7) prime?
False
Let n = -1364 - -5991. Is n a prime number?
False
Is 375188/33 - 1/3 composite?
False
Let o(b) = b**2 - 3*b - 2. Let l be o(4). Suppose l*y = -3*y. Is (y + (-339)/15)*-5 a prime number?
True
Let j be 50/15*3/2. Suppose -i - j = 0, 3*i - i + 1161 = r. Is r prime?
True
Suppose -3*r + 10 = 2*r. Let x(g) be the second derivative of 191*g**3/6 - g**2/2 + 11*g. Is x(r) a composite number?
True
Let w(u) = u**2 - 5*u - 4. Let g be w(6). Suppose -k - 577 = -v, -4*k = g*v + 22 - 1188. Is v a composite number?
True
Let u(w) = -58*w**3 + 9*w**2 - 29*w - 241. Is u(-9) composite?
True
Let x = -2505 - -5248. Is x a prime number?
False
Suppose 15*i = 20*i - 11245. Is i prime?
False
Suppose 2*b - 5*q - 1337 = 0, 7*b + 5*q = 2*b + 3360. Is b a prime number?
False
Suppose -12*y = -7*y - 70. Let a = 655 - y. Is a composite?
False
Suppose 0*z + 610 = 5*z. Let d = z - 67. Is d prime?
False
Let h(d) = -181*d**2 - 7*d + 12. Let x be h(6). Let k = -4331 - x. Is k prime?
False
Let g(y) = -37*y + 38. Is g(-5) a prime number?
True
Suppose -2*v + g = 0, -4*v + 3*g - 2*g = 0. Is ((-14)/(v - 1))/((-6)/(-93)) prime?
False
Let o = 6 - 0. Suppose 5*t = o*t - 1. Is -1 + 4 - -20 - t a prime number?
False
Let g(i) = -i**3 + 18*i**2 - 14*i + 5. Is g(12) prime?
True
Let r be (-30)/8 - 11/44. Is 3 + 0 + r + 746 composite?
True
Suppose 5*s - 2*l = 11448 - 2309, 0 = s + 5*l - 1844. Is s prime?
False
Let p = 47 + -26. Suppose -5*s = -3*b + 838, -3*b - 5*s + 1094 = b. Suppose p*o - b = 17*o. Is o prime?
False
Suppose 70*d - 73*d + 633 = 0. Suppose -4*l = -d - 105. Is l prime?
True
Let h(r) = -r**3 + 7*r**2 + 7*r + 4. Is h(-7) composite?
False
Let i(q) be the second derivative of 361*q**4/6 - 5*q**3/6 + 2*q**2 - 7*q. Is i(1) a composite number?
True
Suppose 2*t = -2*m + 3300 + 6256, 0 = -3*m - 4*t + 14331. Is m composite?
True
Let t(d) = -9*d - 3. Let r(x) = -17*x - 6. Let f(w) = 3*r(w) - 5*t(w). Is f(-7) a composite number?
True
Suppose -d - 5*v + 18007 = 0, -2*v = 4*d - 0*d - 72028. Is d composite?
True
Is 2465 - 12/(3 + -1) prime?
True
Suppose 0 = -5*y + 5*i + 5415, -3249 = -y - 2*y + 2*i. Suppose 4*m - 849 = -5*s, 5*m + 0*s - s = y. Suppose 123 = 3*v - m. Is v composite?
False
Suppose 0 = -4*w - 8, h - 2*w - 991 = -w. Is h prime?
False
Let q(g) = 60*g**2 + 3*g - 22. Let u be q(9). Suppose 0 = -3*n, 6*o - u = o - 3*n. Is o a prime number?
False
Let s(h) = 2 - 7 - 2*h - 1 - 10*h - h**3 + 12*h**2. Let x be s(9). Let b = -72 + x. Is b a prime number?
False
Suppose 7*s = 1616 - 6103. Let o = 1016 - s. Is o a composite number?
False
Let b(g) be the second derivative of -1/12*g**4 - 1/6*g**3 + 1253/2*g**2 + 0 + 12*g. Is b(0) composite?
True
Let b = -21786 - -35071. Suppose 12*x - b = -97. Is x composite?
True
Suppose -39*m - 299869 + 1080454 = 0. Is m prime?
False
Let f(i) = -52*i - 57. Is f(-22) composite?
False
Let n = 4548 - 2959. Is n prime?
False
Let h = 3905 + 2334. Is h composite?
True
Let a = -327 - 478. Let m(d) = 88*d**2 - 4*d + 6. Let p be m(4). Let w = p + a. Is w composite?
False
Let w(h) = 3*h**2 - 5*h - 17. Let x be 16/32*(-1 - (9 + 0)). Is w(x) prime?
True
Let a(u) = -1 + 4 - 5 - 32*u - 5. Suppose 0 = 5*j - 2*j + 2*t + 4, 4*j - t + 20 = 0. Is a(j) composite?
True
Suppose 0 = 3*w - 3*k - 126, 4*k + 4 + 35 = w. Suppose -r + w + 180 = 0. Is r composite?
False
Let l = 21650 + -10563. Is l prime?
True
Is 0 - 8/(-76) - 12321925/(-475) a prime number?
False
Suppose 1 = f - m, 2*f + m - 2 - 3 = 0. Suppose 3*t + 0*p - f*p = 3651, -t + 2*p + 1217 = 0. Is t composite?
False
Let k(q) = 355*q**2 + 11*q + 183. Is k(-9) prime?
False
Suppose 116 = 2*a + 424. Let l = a + 263. Is l prime?
True
Suppose 4*w + 4*z = 12, 4*w - 5*z = w + 1. Suppose -4*i - w*c = i - 1095, -5*i + 1110 = 5*c. Is i a composite number?
True
Let k be (888/(-20))/((-12)/40). Suppose d - 3075 = -k. Is d a composite number?
False
Is 12/((-4)/(-1))*2710018/123 a prime number?
False
Suppose -8*v + 28 = -4*v. Suppose 3585 = 3*i - 2*n, -v*i + 3594 = -4*i - 5*n. Is i prime?
True
Suppose 7*u + 5190 = u. Let n = -336 - u. Is n prime?
False
Let f = -2 - 2. Let x(k) = -k**3 - 5*k**2 - 10*k - 5. Is x(f) a composite number?
False
Suppose 245165 = 28*v - 133451. Is v a prime number?
False
Let d(a) be the first derivative of 37*a**2 - 5*a - 6. Is d(8) composite?
False
Let s(z) = 6*z**3 - 6*z**2 + 2*z - 4. Let x b